 = 5*q**2 - 11. Let u(f) = f + 13. Let k = -1 + -8. What is the remainder when i(-3) is divided by u(k)?
2
Suppose 5*m - 2*m = 0. Suppose m*z - 6 = -2*z, -b + 18 = 3*z. What is the remainder when (-2)/(-12) - 933/(-18) is divided by b?
7
Let j(a) = a**3 + 13*a**2 - 105*a + 8. Calculate the remainder when j(-18) is divided by 59.
42
Let g = 2358 - 2307. What is the remainder when 2292 is divided by g?
48
Let w(u) = u + 2*u**2 - u**2 + 2*u + 2. Let g(t) = -t**3 + 6*t**2 - 12*t + 129. Let j be g(7). What is the remainder when 15 is divided by w(j)?
3
Let h be ((-593)/(-12) - 8/(-32))*3. Let w = -136 + h. Calculate the remainder when -3*((-280)/(-6))/(-4) is divided by w.
9
Let i = -17 + 28. Suppose -6 = 30*c - 516. What is the remainder when c is divided by i?
6
Calculate the remainder when 1923 is divided by ((-175)/30 - -8)*294.
12
Let d = -15396 + 15667. What is the remainder when d is divided by 100?
71
Let z(p) = 5*p**2 + 0 + 9 + p + 3*p. Let u be z(-3). What is the remainder when 76 is divided by (-4)/6*3 + u?
36
Let r = 20246 - 20224. What is the remainder when 2441 is divided by r?
21
Let b(t) = t + 23. Suppose 479*q = 3*i + 483*q - 271, 2*i - 2*q - 134 = 0. Calculate the remainder when i is divided by b(0).
8
Let r(g) = g**3 - 6*g**2 - 6*g - 6. Let b be r(7). Calculate the remainder when 456/18 - b/3 is divided by 3 - -1 - (-3 + 0).
4
Calculate the remainder when (2 + (22 - 18/2))*78/10 is divided by 16.
5
Let y(j) = -16*j - 30. Let n(a) = -a - 15. Let w be n(-6). Calculate the remainder when y(w) is divided by 8/12*(-174)/(-4).
27
Let q be 5/((-15)/(-10) - -1). Suppose -335 = -q*l - 305. Calculate the remainder when 113 is divided by l.
8
Let x = 4 + 5. Suppose 8*y = -5*a + 3*y + 460, -y = 4*a - 371. Suppose a*g - 366 = 87*g. What is the remainder when g is divided by x?
7
Let y be (-4)/(-10) + 76/10. Let s be 345/60 + 2/y. Suppose 0 = 3*w + s - 81. What is the remainder when w is divided by 7?
4
Let g(x) be the second derivative of x**5/20 + 3*x**4/4 - 2*x**3/3 + 11*x**2/2 + 195*x. Calculate the remainder when g(-7) is divided by 16.
9
Let o = 26083 - 25432. What is the remainder when o is divided by 131?
127
Suppose 1752 = -5*g + 13*g. Suppose -5*h = -3*x - g, 0 = 5*h + 2*x - 95 - 109. Let c = h - 17. What is the remainder when c is divided by 3?
1
Let m be (-46)/(-7) - (-48)/112. Let s(f) = -2*f + 37. What is the remainder when 43 is divided by s(m)?
20
Suppose 13*l + 8*l - 2016 = 0. Let k = -84 + l. What is the remainder when 23 is divided by k?
11
Suppose 0 = -o + 248 - 197 + 187. What is the remainder when o is divided by 113?
12
Let s(v) = v**3 + 8*v**2 - 18*v - 28. Let u = -140 - -131. What is the remainder when 174 is divided by s(u)?
15
Suppose -3*l - 2*y + 56 = 0, 5*y - 59 = l - 4*l. Suppose 20*p = l*p + 12. Let r = 12 - p. Calculate the remainder when 17 is divided by r.
5
Let k be (-18 - 1) + 5/(-15)*3. Let j = k - -21. What is the remainder when 39 is divided by 4/1*(j + 1)?
7
What is the remainder when ((-152)/57)/((-36)/16119) is divided by 301?
291
Let g(p) = p**2 + 9*p + 17. Suppose 3*l = 4*d + 51, 46 = -4*d - 0*l + 2*l. What is the remainder when 99 is divided by g(d)?
14
Let t(d) = -d**3 - 3*d**2 + 9*d - 2. Let c be t(-5). Suppose -c*h - 330 = -14*h. Let l = 171 - 24. What is the remainder when l is divided by h?
27
Suppose -3*n + 742 = 4*l, 24*n - 3*l - 489 = 22*n. Calculate the remainder when 254 is divided by n.
8
Let d = -241 - -118. Let v = d - -163. What is the remainder when 87 is divided by v?
7
Let s = 4327 - 4105. Calculate the remainder when 432 is divided by s.
210
Suppose 4*w = g - 1, 0*w = -w + 2. Let m be (g/(-6))/((-15)/40). Suppose -111 = -m*a + 3*z, 28 = 2*a + 5*z + 5. Calculate the remainder when a is divided by 16.
8
Let j(l) = 65*l**2 + 77*l - 206. What is the remainder when j(5) is divided by 140?
124
Suppose -2*w + 28 - 22 = 0, -3*m + 3*w = -435. Calculate the remainder when m is divided by 17.
12
Let n = 2816 + -2708. What is the remainder when 645 is divided by n?
105
Let b(t) = t**2 - 106*t - 777. What is the remainder when 23 is divided by b(113)?
9
What is the remainder when 1133 is divided by (107 - 108)*-6*94?
5
Suppose 35 - 85 = 35*f + 55. Let v be 3*(-2)/(4/2). Calculate the remainder when 31 is divided by -1*(f - 8) + (-3 - v).
9
Let l(u) = 69*u - 55. Let t be l(4). Let n = 380 - t. What is the remainder when n is divided by 9?
6
Suppose -35*s + 317 = -711 + 48. Let f = -5 + 13. What is the remainder when s is divided by f?
4
Suppose 2*x + j = 1843, -5*x + 4609 = -268*j + 271*j. Calculate the remainder when x is divided by 69.
23
What is the remainder when 2526 is divided by 174/(-90)*-69 + (-6)/15?
132
Suppose 3*n - 17 = h, -9*h = -10*h + 1. Calculate the remainder when 254 is divided by ((-7)/((-70)/85))/(1/n).
50
Let t(k) = 88*k**3 + 4*k**2 + 4*k - 2. What is the remainder when t(1) is divided by 12?
10
Suppose 2*i + 1320 = 7*i. Suppose 5*g - i = -x - 0*x, 3*g = 5*x + 164. Calculate the remainder when g is divided by 31.
22
Let k = 13099 + -13008. What is the remainder when 999 is divided by k?
89
Let t(h) = -h - 3. Let d(u) = 3*u + 5. Let v(s) = 6*d(s) + 10*t(s). Suppose 30 = -9*i + 228. Calculate the remainder when v(5) is divided by i.
18
Let k(c) = c**2 - 7*c - 2. Let b be k(10). Suppose t = 3*y + b, -3*y = -4*t + 5*t - 52. Let j = t - -7. What is the remainder when j is divided by 7?
5
Let r(b) = 253*b + 2544. Calculate the remainder when (-410)/3*6/(-5) is divided by r(-10).
10
What is the remainder when 7235 is divided by (-2 + 10/(-1))/((722/57)/(-19))?
17
Let t(h) = -13*h - 263. Let o = -2 + 8. What is the remainder when t(-21) is divided by o?
4
What is the remainder when (-198135)/(-425) - 11/5 is divided by 26?
22
Suppose -3*v + 87 = -3*x, 0 = -4*v - 453*x + 448*x + 98. Calculate the remainder when v is divided by (0 + -1 - -15) + -3.
5
Let j(i) = -i**3 - i**2 + 55*i + 174. Let x = 208 + -54. Calculate the remainder when x is divided by j(-3).
19
Let d = 274 + -269. Suppose s + 3*z = 23, -6*z = 5*s - d*z - 115. Let p(l) = l**2 - 6*l - 12. What is the remainder when p(11) is divided by s?
20
Let a = 383 - -1773. What is the remainder when a is divided by 103?
96
Suppose -5*t + 494 = c, 5*t - 2417 = -5*c - 47. Suppose 266 = -z + c. What is the remainder when z is divided by 17?
16
Let r(g) = 36*g - 87. Let h = 105 + -100. Calculate the remainder when r(h) is divided by 8.
5
Let j = 234 + -233. What is the remainder when 231 is divided by -3 - (-174*j)/6?
23
Let m = -47384 - -47392. Let o(h) = -2*h**2 - 3*h + 1. Let n be o(-3). What is the remainder when m is divided by 46/8 - 2/n?
2
Let i = 8874 - 8672. What is the remainder when i is divided by 3?
1
Suppose -4*a = 2*q - 37 + 5, 0 = -4*q + 3*a + 42. What is the remainder when 1703 is divided by q?
11
Let d = 7451 + -7282. What is the remainder when d is divided by 64?
41
Suppose 4*n - 1622 = -4*o + 1074, -n - 2*o + 678 = 0. Suppose 189*t = 184*t + n. What is the remainder when t is divided by 3?
2
Suppose 1501 - 431 = -5*h. Calculate the remainder when (h/(-7))/((-23)/(-161)) is divided by 36.
34
Suppose 10*u + 80*k - 500 = 75*k, -295 = -5*u + 5*k. Calculate the remainder when 852 is divided by u.
4
Suppose 0 = -35*k + 534798 + 294002. Calculate the remainder when k is divided by 11.
8
Suppose -2309 = -17*t - 167. Let l = -89 + t. What is the remainder when l is divided by 7?
2
Suppose 29 = -3*l + 41. Suppose -12 = -2*p - o, -5*p - l*o + 5*o = -30. Calculate the remainder when 19 is divided by p.
1
Suppose -8 = 20*n - 18*n. Let k be ((-8)/8)/(2/n*2). What is the remainder when 262 is divided by (12 + -13)/(k/(-53))?
50
Suppose 5*n = -5*r + 2640, 0 = -0*n + 5*n - 3*r - 2648. Suppose 0 = 15*t + 8*t - n. What is the remainder when 319 is divided by t?
20
Let w = 1679 - 1668. Suppose 5*i - n = 3*n - 16, 4*i + 5*n - 20 = 0. Suppose -2*t + i*x = 2*x - 62, 5*x = 0. What is the remainder when t is divided by w?
9
Let u(r) = r**3 - 9*r**2 + 37. Let m be 14 - (10 + (-2 - 3)). Calculate the remainder when 105 is divided by u(m).
31
Let d(j) = -4*j + 23. Let o(h) = 190*h**3 - h**2 - 6*h + 6. Calculate the remainder when o(1) is divided by d(-7).
36
Let a = 1 + 4. Suppose 6*q - 2*q = -5*s + 161, a*q + 5 = 0. What is the remainder